{"id":8566,"date":"2023-06-30T11:17:38","date_gmt":"2023-06-30T09:17:38","guid":{"rendered":"http:\/\/aranyj.hu\/?page_id=8566"},"modified":"2023-10-26T11:18:42","modified_gmt":"2023-10-26T09:18:42","slug":"a-2023-tavaszi-intezmenyvezetoi-palyaztatas-eredmenye","status":"publish","type":"page","link":"https:\/\/aranyj.hu\/?page_id=8566","title":{"rendered":"A 2023. tavaszi int\u00e9zm\u00e9nyvezet\u0151i p\u00e1ly\u00e1ztat\u00e1s eredm\u00e9nye"},"content":{"rendered":"<h2>A k\u00f6znevel\u00e9s\u00e9rt felel\u0151s miniszter az int\u00e9zm\u00e9nyvezet\u0151i feladatok ell\u00e1t\u00e1s\u00e1ra Patk\u00f3 Lajos p\u00e1ly\u00e1z\u00f3t b\u00edzta meg 5 \u00e9vre, 2023.08.16-t\u0151l \u00a02028.08.15-ig.<\/h2>\n","protected":false},"excerpt":{"rendered":"<p>A k\u00f6znevel\u00e9s\u00e9rt felel\u0151s miniszter az int\u00e9zm\u00e9nyvezet\u0151i feladatok ell\u00e1t\u00e1s\u00e1ra Patk\u00f3 Lajos p\u00e1ly\u00e1z\u00f3t b\u00edzta meg 5 \u00e9vre, 2023.08.16-t\u0151l \u00a02028.08.15-ig.<\/p>\n","protected":false},"author":1,"featured_media":0,"parent":0,"menu_order":0,"comment_status":"closed","ping_status":"closed","template":"","meta":[],"_links":{"self":[{"href":"https:\/\/aranyj.hu\/index.php?rest_route=\/wp\/v2\/pages\/8566"}],"collection":[{"href":"https:\/\/aranyj.hu\/index.php?rest_route=\/wp\/v2\/pages"}],"about":[{"href":"https:\/\/aranyj.hu\/index.php?rest_route=\/wp\/v2\/types\/page"}],"author":[{"embeddable":true,"href":"https:\/\/aranyj.hu\/index.php?rest_route=\/wp\/v2\/users\/1"}],"replies":[{"embeddable":true,"href":"https:\/\/aranyj.hu\/index.php?rest_route=%2Fwp%2Fv2%2Fcomments&post=8566"}],"version-history":[{"count":1,"href":"https:\/\/aranyj.hu\/index.php?rest_route=\/wp\/v2\/pages\/8566\/revisions"}],"predecessor-version":[{"id":8567,"href":"https:\/\/aranyj.hu\/index.php?rest_route=\/wp\/v2\/pages\/8566\/revisions\/8567"}],"wp:attachment":[{"href":"https:\/\/aranyj.hu\/index.php?rest_route=%2Fwp%2Fv2%2Fmedia&parent=8566"}],"curies":[{"name":"wp","href":"https:\/\/api.w.org\/{rel}","templated":true}]}}