{"id":7309,"date":"2021-12-09T15:06:21","date_gmt":"2021-12-09T14:06:21","guid":{"rendered":"http:\/\/aranyj.hu\/?page_id=7309"},"modified":"2024-02-19T08:11:28","modified_gmt":"2024-02-19T07:11:28","slug":"6-b-az-osztalyozo-javito-kulonbozeti-vizsgak-kovetelmenyei-a-tanulmanyok-alatti-vizsgak-tervezett-ideje-a-vizsgara-torteno-jelentkezes-modja-es-hatarideje-2020-nat-szerint-2021-2022-tanev-erv","status":"publish","type":"page","link":"https:\/\/aranyj.hu\/?page_id=7309","title":{"rendered":"5. sz. mell\u00e9klet: Az oszt\u00e1lyoz\u00f3, jav\u00edt\u00f3, k\u00fcl\u00f6nb\u00f6zeti vizsg\u00e1k k\u00f6vetelm\u00e9nyei, a tanulm\u00e1nyok alatti vizsg\u00e1k tervezett ideje, a vizsg\u00e1ra t\u00f6rt\u00e9n\u0151 jelentkez\u00e9s m\u00f3dja \u00e9s hat\u00e1rideje."},"content":{"rendered":"<h3><a href=\"http:\/\/aranyj.hu\/wp-content\/uploads\/2021\/12\/alsotagozatvizsgak.pdf\">\u00c1ltal\u00e1nos iskola als\u00f3 tagozat<\/a><\/h3>\n<h3>\u00c1ltal\u00e1nos iskola fels\u0151 tagozat:<\/h3>\n<p><a href=\"http:\/\/aranyj.hu\/wp-content\/uploads\/2021\/12\/Angolnyelv.pdf\">Angol nyelv<\/a><\/p>\n<p><a href=\"http:\/\/aranyj.hu\/wp-content\/uploads\/2021\/12\/Biologia.pdf\">Biol\u00f3gia<\/a><\/p>\n<p><a href=\"http:\/\/aranyj.hu\/wp-content\/uploads\/2024\/02\/Digitalis_kultura_vizsgakovetelmenyek_felso_tagozat2.pdf\">Digit\u00e1lis kult\u00fara<\/a><\/p>\n<p><a href=\"http:\/\/aranyj.hu\/wp-content\/uploads\/2021\/12\/Enek.pdf\">\u00c9nek<\/a><\/p>\n<p><a href=\"http:\/\/aranyj.hu\/wp-content\/uploads\/2021\/12\/Etika.pdf\">Etika<\/a><\/p>\n<p><a href=\"http:\/\/aranyj.hu\/wp-content\/uploads\/2021\/12\/Fizika.pdf\">Fizika<\/a><\/p>\n<p><a href=\"http:\/\/aranyj.hu\/wp-content\/uploads\/2021\/12\/Honesnepismeret.pdf\">Hon- \u00e9s n\u00e9pismeret<\/a><\/p>\n<p><a href=\"http:\/\/aranyj.hu\/wp-content\/uploads\/2021\/12\/Kemia.pdf\">K\u00e9mia<\/a><\/p>\n<p><a href=\"http:\/\/aranyj.hu\/wp-content\/uploads\/2021\/12\/Magyarnyelvesirodalom.pdf\">Magyar nyelv \u00e9s irodalom<\/a><\/p>\n<p><a href=\"http:\/\/aranyj.hu\/wp-content\/uploads\/2021\/12\/Matematika.pdf\">Matematika<\/a><\/p>\n<p><a href=\"http:\/\/aranyj.hu\/wp-content\/uploads\/2021\/12\/Technika.pdf\">Technika<\/a><\/p>\n<p><a href=\"http:\/\/aranyj.hu\/wp-content\/uploads\/2021\/12\/Termeszettudomany.pdf\">Term\u00e9szettudom\u00e1ny<\/a><\/p>\n<p><a href=\"http:\/\/aranyj.hu\/wp-content\/uploads\/2021\/12\/Testneveles.pdf\">Testnevel\u00e9s<\/a><\/p>\n<p><a href=\"http:\/\/aranyj.hu\/wp-content\/uploads\/2021\/12\/Tortenelem.pdf\">T\u00f6rt\u00e9nelem<\/a><\/p>\n<p><a href=\"http:\/\/aranyj.hu\/wp-content\/uploads\/2021\/12\/Vizualiskultura.pdf\">Vizu\u00e1lis kult\u00fara<\/a><\/p>\n<p>&nbsp;<\/p>\n<h3>Gimn\u00e1zium:<\/h3>\n<p><a href=\"http:\/\/aranyj.hu\/wp-content\/uploads\/2021\/12\/2.idegennyelv.pdf\">2. idegen nyelv<\/a><\/p>\n<p><a href=\"http:\/\/aranyj.hu\/wp-content\/uploads\/2021\/12\/Angolnyelvg.pdf\">Angol nyelv<\/a><\/p>\n<p><a href=\"http:\/\/aranyj.hu\/wp-content\/uploads\/2021\/12\/Biologiag.pdf\">Biol\u00f3gia<\/a><\/p>\n<p><a href=\"http:\/\/aranyj.hu\/wp-content\/uploads\/2024\/02\/Digitalis_kultura_vizsgakovetelmenyek_gimnazium2.pdf\">Digit\u00e1lis kult\u00fara<\/a><\/p>\n<p><a href=\"http:\/\/aranyj.hu\/wp-content\/uploads\/2021\/12\/Enekg.pdf\">\u00c9nek<\/a><\/p>\n<p><a href=\"http:\/\/aranyj.hu\/wp-content\/uploads\/2021\/12\/Fizikag.pdf\">Fizika<\/a><\/p>\n<p><a href=\"http:\/\/aranyj.hu\/wp-content\/uploads\/2021\/12\/Foldrajzg.pdf\">F\u00f6ldrajz<\/a><\/p>\n<p><a href=\"http:\/\/aranyj.hu\/wp-content\/uploads\/2021\/12\/Kemiag.pdf\">K\u00e9mia<\/a><\/p>\n<p><a href=\"http:\/\/aranyj.hu\/wp-content\/uploads\/2021\/12\/Magyarnyelvesirodalomg.pdf\">Magyar nyelv \u00e9s irodalom<\/a><\/p>\n<p><a href=\"http:\/\/aranyj.hu\/wp-content\/uploads\/2021\/12\/Matematikag.pdf\">Matematika<\/a><\/p>\n<p><a href=\"http:\/\/aranyj.hu\/wp-content\/uploads\/2021\/12\/Testnevelesg.pdf\">Testnevel\u00e9s<\/a><\/p>\n<p><a href=\"http:\/\/aranyj.hu\/wp-content\/uploads\/2021\/12\/Tortenelemg.pdf\">T\u00f6rt\u00e9nelem<\/a><\/p>\n<p><a href=\"http:\/\/aranyj.hu\/wp-content\/uploads\/2021\/12\/Vizualiskulturag.pdf\">Vizu\u00e1lis kult\u00fara<\/a><\/p>\n<p><a href=\"http:\/\/aranyj.hu\/wp-content\/uploads\/2023\/11\/Mozgokepkultura_es_mediaismeret.pdf\">Mozg\u00f3k\u00e9pkult\u00fara \u00e9s m\u00e9diaismeret<\/a><\/p>\n<p><a href=\"http:\/\/aranyj.hu\/wp-content\/uploads\/2023\/11\/Allampolgari_ismeretek.pdf\">\u00c1llampolg\u00e1ri ismeretek<\/a><\/p>\n<p>&nbsp;<\/p>\n<p><a href=\"http:\/\/aranyj.hu\/?page_id=6539\"><strong>\u00c9retts\u00e9gi felk\u00e9sz\u00edt\u00e9s<\/strong><\/a><\/p>\n<p>&nbsp;<\/p>\n","protected":false},"excerpt":{"rendered":"<p>\u00c1ltal\u00e1nos iskola als\u00f3 tagozat \u00c1ltal\u00e1nos iskola fels\u0151 tagozat: Angol nyelv Biol\u00f3gia Digit\u00e1lis kult\u00fara \u00c9nek Etika Fizika Hon- \u00e9s n\u00e9pismeret K\u00e9mia Magyar nyelv \u00e9s irodalom Matematika Technika Term\u00e9szettudom\u00e1ny Testnevel\u00e9s T\u00f6rt\u00e9nelem Vizu\u00e1lis kult\u00fara &nbsp; Gimn\u00e1zium: 2. idegen nyelv Angol nyelv Biol\u00f3gia Digit\u00e1lis kult\u00fara \u00c9nek Fizika F\u00f6ldrajz K\u00e9mia Magyar nyelv \u00e9s irodalom Matematika Testnevel\u00e9s T\u00f6rt\u00e9nelem Vizu\u00e1lis kult\u00fara Mozg\u00f3k\u00e9pkult\u00fara [&hellip;]<\/p>\n","protected":false},"author":1,"featured_media":0,"parent":0,"menu_order":0,"comment_status":"closed","ping_status":"closed","template":"","meta":[],"_links":{"self":[{"href":"https:\/\/aranyj.hu\/index.php?rest_route=\/wp\/v2\/pages\/7309"}],"collection":[{"href":"https:\/\/aranyj.hu\/index.php?rest_route=\/wp\/v2\/pages"}],"about":[{"href":"https:\/\/aranyj.hu\/index.php?rest_route=\/wp\/v2\/types\/page"}],"author":[{"embeddable":true,"href":"https:\/\/aranyj.hu\/index.php?rest_route=\/wp\/v2\/users\/1"}],"replies":[{"embeddable":true,"href":"https:\/\/aranyj.hu\/index.php?rest_route=%2Fwp%2Fv2%2Fcomments&post=7309"}],"version-history":[{"count":8,"href":"https:\/\/aranyj.hu\/index.php?rest_route=\/wp\/v2\/pages\/7309\/revisions"}],"predecessor-version":[{"id":8724,"href":"https:\/\/aranyj.hu\/index.php?rest_route=\/wp\/v2\/pages\/7309\/revisions\/8724"}],"wp:attachment":[{"href":"https:\/\/aranyj.hu\/index.php?rest_route=%2Fwp%2Fv2%2Fmedia&parent=7309"}],"curies":[{"name":"wp","href":"https:\/\/api.w.org\/{rel}","templated":true}]}}