{"id":675,"date":"2016-01-04T18:59:54","date_gmt":"2016-01-04T17:59:54","guid":{"rendered":"http:\/\/aranyj.hu\/?page_id=675"},"modified":"2016-01-04T19:00:12","modified_gmt":"2016-01-04T18:00:12","slug":"judo","status":"publish","type":"page","link":"https:\/\/aranyj.hu\/?page_id=675","title":{"rendered":"Judo"},"content":{"rendered":"<p><img decoding=\"async\" class=\"alignleft\" src=\"http:\/\/aranyj.hu\/wp-content\/uploads\/tanfolyamok\/269_b.jpg\" alt=\"\" \/><br \/>\n<strong>Makhult Mih\u00e1ly judo-edz\u00e9seinek id\u0151pontja:<br \/>\n<\/strong><\/p>\n<p>kedd: 16-18 \u00f3r\u00e1ig<br \/>\ncs\u00fct\u00f6rt\u00f6k: 16-18 \u00f3r\u00e1ig<\/p>\n","protected":false},"excerpt":{"rendered":"<p>Makhult Mih\u00e1ly judo-edz\u00e9seinek id\u0151pontja: kedd: 16-18 \u00f3r\u00e1ig cs\u00fct\u00f6rt\u00f6k: 16-18 \u00f3r\u00e1ig<\/p>\n","protected":false},"author":1,"featured_media":0,"parent":0,"menu_order":0,"comment_status":"closed","ping_status":"closed","template":"","meta":[],"_links":{"self":[{"href":"https:\/\/aranyj.hu\/index.php?rest_route=\/wp\/v2\/pages\/675"}],"collection":[{"href":"https:\/\/aranyj.hu\/index.php?rest_route=\/wp\/v2\/pages"}],"about":[{"href":"https:\/\/aranyj.hu\/index.php?rest_route=\/wp\/v2\/types\/page"}],"author":[{"embeddable":true,"href":"https:\/\/aranyj.hu\/index.php?rest_route=\/wp\/v2\/users\/1"}],"replies":[{"embeddable":true,"href":"https:\/\/aranyj.hu\/index.php?rest_route=%2Fwp%2Fv2%2Fcomments&post=675"}],"version-history":[{"count":2,"href":"https:\/\/aranyj.hu\/index.php?rest_route=\/wp\/v2\/pages\/675\/revisions"}],"predecessor-version":[{"id":677,"href":"https:\/\/aranyj.hu\/index.php?rest_route=\/wp\/v2\/pages\/675\/revisions\/677"}],"wp:attachment":[{"href":"https:\/\/aranyj.hu\/index.php?rest_route=%2Fwp%2Fv2%2Fmedia&parent=675"}],"curies":[{"name":"wp","href":"https:\/\/api.w.org\/{rel}","templated":true}]}}