{"id":668,"date":"2016-01-04T18:52:23","date_gmt":"2016-01-04T17:52:23","guid":{"rendered":"http:\/\/aranyj.hu\/?page_id=668"},"modified":"2016-01-04T18:52:23","modified_gmt":"2016-01-04T17:52:23","slug":"csillagszemu-tancegyuttes","status":"publish","type":"page","link":"https:\/\/aranyj.hu\/?page_id=668","title":{"rendered":"Csillagszem\u0171 T\u00e1ncegy\u00fcttes"},"content":{"rendered":"<p><img decoding=\"async\" class=\"alignleft\" src=\"http:\/\/aranyj.hu\/wp-content\/uploads\/tanfolyamok\/267_b.jpg\" alt=\"\" \/><br \/>\nA T\u00edm\u00e1r S\u00e1ndor \u00e9s T\u00edm\u00e1r B\u00f6ske neve \u00e1ltal f\u00e9mjelzett vil\u00e1gh\u00edr\u0171 Csillagszem\u0171 T\u00e1ncegy\u00fcttes t\u00e1ncpedag\u00f3gusa, Mayer Orsolya iskol\u00e1nk als\u00f3 tagozatosait \u00f3rarendi \u00f3r\u00e1kon oktatja a magyar n\u00e9pt\u00e1nc alapjaira. A t\u00e1ncegy\u00fcttessel \u00e1polt j\u00f3 kapcsolatnak k\u00f6sz\u00f6nhet\u0151en -mely a Sashegyi Arany Iskolaalap\u00edtv\u00e1ny \u00e9rdeme- \u00e9vente k\u00e9t alkalommal -egy-egy nagyszab\u00e1s\u00fa t\u00e1ncmulats\u00e1g keret\u00e9ben- nem csak tan\u00edtv\u00e1nyaink mutathatj\u00e1k be tud\u00e1sukat, de a Csillagszem\u0171ek legk\u00fcl\u00f6nb\u00f6z\u0151bb koroszt\u00e1lyainak fell\u00e9p\u00e9s\u00e9re is rendszeresen sor ker\u00fcl.<\/p>\n<p>&nbsp;<\/p>\n<p><a href=\"http:\/\/www.csillagszemu.hu\/\" target=\"_blank\">A Csillagszem\u0171 T\u00e1ncegy\u00fcttes honlapja &gt;&gt;&gt;<\/a><\/p>\n","protected":false},"excerpt":{"rendered":"<p>A T\u00edm\u00e1r S\u00e1ndor \u00e9s T\u00edm\u00e1r B\u00f6ske neve \u00e1ltal f\u00e9mjelzett vil\u00e1gh\u00edr\u0171 Csillagszem\u0171 T\u00e1ncegy\u00fcttes t\u00e1ncpedag\u00f3gusa, Mayer Orsolya iskol\u00e1nk als\u00f3 tagozatosait \u00f3rarendi \u00f3r\u00e1kon oktatja a magyar n\u00e9pt\u00e1nc alapjaira. A t\u00e1ncegy\u00fcttessel \u00e1polt j\u00f3 kapcsolatnak k\u00f6sz\u00f6nhet\u0151en -mely a Sashegyi Arany Iskolaalap\u00edtv\u00e1ny \u00e9rdeme- \u00e9vente k\u00e9t alkalommal -egy-egy nagyszab\u00e1s\u00fa t\u00e1ncmulats\u00e1g keret\u00e9ben- nem csak tan\u00edtv\u00e1nyaink mutathatj\u00e1k be tud\u00e1sukat, de a Csillagszem\u0171ek legk\u00fcl\u00f6nb\u00f6z\u0151bb koroszt\u00e1lyainak [&hellip;]<\/p>\n","protected":false},"author":1,"featured_media":0,"parent":0,"menu_order":0,"comment_status":"closed","ping_status":"closed","template":"","meta":[],"_links":{"self":[{"href":"https:\/\/aranyj.hu\/index.php?rest_route=\/wp\/v2\/pages\/668"}],"collection":[{"href":"https:\/\/aranyj.hu\/index.php?rest_route=\/wp\/v2\/pages"}],"about":[{"href":"https:\/\/aranyj.hu\/index.php?rest_route=\/wp\/v2\/types\/page"}],"author":[{"embeddable":true,"href":"https:\/\/aranyj.hu\/index.php?rest_route=\/wp\/v2\/users\/1"}],"replies":[{"embeddable":true,"href":"https:\/\/aranyj.hu\/index.php?rest_route=%2Fwp%2Fv2%2Fcomments&post=668"}],"version-history":[{"count":1,"href":"https:\/\/aranyj.hu\/index.php?rest_route=\/wp\/v2\/pages\/668\/revisions"}],"predecessor-version":[{"id":669,"href":"https:\/\/aranyj.hu\/index.php?rest_route=\/wp\/v2\/pages\/668\/revisions\/669"}],"wp:attachment":[{"href":"https:\/\/aranyj.hu\/index.php?rest_route=%2Fwp%2Fv2%2Fmedia&parent=668"}],"curies":[{"name":"wp","href":"https:\/\/api.w.org\/{rel}","templated":true}]}}