{"id":6539,"date":"2020-11-02T09:18:30","date_gmt":"2020-11-02T08:18:30","guid":{"rendered":"http:\/\/aranyj.hu\/?page_id=6539"},"modified":"2023-11-30T11:08:44","modified_gmt":"2023-11-30T10:08:44","slug":"helyi-tantervek-emelt-szintu-oktatas","status":"publish","type":"page","link":"https:\/\/aranyj.hu\/?page_id=6539","title":{"rendered":"Helyi tantervek emelt szint\u0171 oktat\u00e1s"},"content":{"rendered":"<p><a href=\"http:\/\/aranyj.hu\/wp-content\/uploads\/2020\/11\/Angolnyelvhelyitanterve_emelt_szintu.pdf\">Angol nyelv<\/a><\/p>\n<p><a href=\"http:\/\/aranyj.hu\/wp-content\/uploads\/2020\/11\/Biologia_helyi_tanterve_emelt_szintu.pdf\">Biol\u00f3gia<\/a><\/p>\n<p><a href=\"http:\/\/aranyj.hu\/wp-content\/uploads\/2023\/11\/Digitalis-kultura-helyi-tanterv-emelt-szintu-oktatas.pdf\">Digit\u00e1lis kult\u00fara<\/a><\/p>\n<p><a href=\"http:\/\/aranyj.hu\/wp-content\/uploads\/2020\/11\/Fizika_helyi_tanterve_emelt.pdf\">Fizika<\/a><\/p>\n<p><a href=\"http:\/\/aranyj.hu\/wp-content\/uploads\/2020\/11\/Foldrajz_helyi_tanterve_emelt_szintu.pdf\">F\u00f6ldrajz<\/a><\/p>\n<p><a href=\"http:\/\/aranyj.hu\/wp-content\/uploads\/2020\/11\/Francia_nyelv_helyi_tanterve_emelt_szintu.pdf\">Francia nyelv<\/a><\/p>\n<p><a href=\"http:\/\/aranyj.hu\/wp-content\/uploads\/2020\/11\/Informatika_helyi_tanterve_emelt_szintu.pdf\">Informatika<\/a><\/p>\n<p><a href=\"http:\/\/aranyj.hu\/wp-content\/uploads\/2020\/11\/Kemia_helyitanterve_emelt_szintu.pdf\">K\u00e9mia<\/a><\/p>\n<p><a href=\"http:\/\/aranyj.hu\/wp-content\/uploads\/2020\/11\/Magyarnyelvesirodalom_helyi_terve_emelt_szintu.pdf\">Magyar nyelv \u00e9s irodalom<\/a><\/p>\n<p><a href=\"http:\/\/aranyj.hu\/wp-content\/uploads\/2020\/11\/Matematika_helyi_tanterve_emelt_szintu.pdf\">Matematika<\/a><\/p>\n<p><a href=\"http:\/\/aranyj.hu\/wp-content\/uploads\/2020\/11\/Nemet_nyelv_helyi_tanterve_emelt_szintu.pdf\">N\u00e9met nyelv<\/a><\/p>\n<p><a href=\"http:\/\/aranyj.hu\/wp-content\/uploads\/2020\/11\/Tortenelem_helyi_tanterve_emelt_szintu_real_a.pdf\">T\u00f6rt\u00e9nelem<\/a><\/p>\n<p><a href=\"http:\/\/aranyj.hu\/wp-content\/uploads\/2020\/11\/Vizualiskulturahelyitanterve_emeltszintu.pdf\">Vizu\u00e1lis kult\u00fara<\/a><\/p>\n","protected":false},"excerpt":{"rendered":"<p>Angol nyelv Biol\u00f3gia Digit\u00e1lis kult\u00fara Fizika F\u00f6ldrajz Francia nyelv Informatika K\u00e9mia Magyar nyelv \u00e9s irodalom Matematika N\u00e9met nyelv T\u00f6rt\u00e9nelem Vizu\u00e1lis kult\u00fara<\/p>\n","protected":false},"author":1,"featured_media":0,"parent":0,"menu_order":0,"comment_status":"closed","ping_status":"closed","template":"","meta":[],"_links":{"self":[{"href":"https:\/\/aranyj.hu\/index.php?rest_route=\/wp\/v2\/pages\/6539"}],"collection":[{"href":"https:\/\/aranyj.hu\/index.php?rest_route=\/wp\/v2\/pages"}],"about":[{"href":"https:\/\/aranyj.hu\/index.php?rest_route=\/wp\/v2\/types\/page"}],"author":[{"embeddable":true,"href":"https:\/\/aranyj.hu\/index.php?rest_route=\/wp\/v2\/users\/1"}],"replies":[{"embeddable":true,"href":"https:\/\/aranyj.hu\/index.php?rest_route=%2Fwp%2Fv2%2Fcomments&post=6539"}],"version-history":[{"count":3,"href":"https:\/\/aranyj.hu\/index.php?rest_route=\/wp\/v2\/pages\/6539\/revisions"}],"predecessor-version":[{"id":8628,"href":"https:\/\/aranyj.hu\/index.php?rest_route=\/wp\/v2\/pages\/6539\/revisions\/8628"}],"wp:attachment":[{"href":"https:\/\/aranyj.hu\/index.php?rest_route=%2Fwp%2Fv2%2Fmedia&parent=6539"}],"curies":[{"name":"wp","href":"https:\/\/api.w.org\/{rel}","templated":true}]}}