{"id":568,"date":"2015-12-27T11:21:46","date_gmt":"2015-12-27T10:21:46","guid":{"rendered":"http:\/\/aranyj.hu\/?page_id=568"},"modified":"2015-12-27T11:21:46","modified_gmt":"2015-12-27T10:21:46","slug":"igazgatoi-palyazat","status":"publish","type":"page","link":"https:\/\/aranyj.hu\/?page_id=568","title":{"rendered":"Igazgat\u00f3i p\u00e1ly\u00e1zat"},"content":{"rendered":"<p style=\"text-align: center;\">Igazgat\u00f3i p\u00e1ly\u00e1zat<\/p>\n<p style=\"text-align: center;\">Az iskola el\u0151z\u0151 igazgat\u00f3j\u00e1nak, Kov\u00e1cs Kolosn\u00e9nak a vezet\u0151i megb\u00edz\u00e1sa 2008. j\u00falius 31-\u00e9n lej\u00e1rt.<br \/>\nAz igazgat\u00f3i \u00e1ll\u00e1shely bet\u00f6lt\u00e9s\u00e9re\u00a0 a fenntart\u00f3 XII. ker\u00fclet \u2013Hegyvid\u00e9k \u00d6nkorm\u00e1nyzata\u00a0 p\u00e1ly\u00e1zatot \u00edrt ki.<\/p>\n<p style=\"text-align: center;\">2008. m\u00e1jus 21-\u00e9n a nevel\u0151test\u00fclet \u00e9s az alkalmazotti k\u00f6z\u00f6ss\u00e9g v\u00e9lem\u00e9nyezte a h\u00e1rom be\u00e9rkezett p\u00e1ly\u00e1zatot.<\/p>\n<p style=\"text-align: center;\">Patk\u00f3 Lajos, akkori igazgat\u00f3helyettes p\u00e1ly\u00e1zata 100 %-os t\u00e1mogat\u00e1st kapott.<\/p>\n<p style=\"text-align: center;\">A vezet\u0151i program v\u00e9lem\u00e9nyez\u00e9se:<br \/>\n68 szavaz\u00f3 \u2013 68 igen szavazat<\/p>\n<p style=\"text-align: center;\">A vezet\u0151i megb\u00edz\u00e1s v\u00e9lem\u00e9nyez\u00e9se:<br \/>\n91 szavaz\u00f3 \u2013 90 igen, 1 \u00e9rv\u00e9nytelen szavazat.<\/p>\n<p><img decoding=\"async\" class=\"aligncenter\" src=\"http:\/\/aranyj.hu\/wp-content\/uploads\/2015\/12\/plajos01.png\" alt=\"\" \/><\/p>\n<p style=\"text-align: center;\">&#8222;K\u00f6sz\u00f6n\u00f6m\u00a0 minden sz\u00fcl\u0151nek \u00e9s minden di\u00e1knak,<br \/>\nhogy igazgat\u00f3i p\u00e1ly\u00e1zatomat t\u00e1mogatta.&#8221;<br \/>\nPatk\u00f3 Lajos<\/p>\n<p style=\"text-align: center;\">A Budapest XII. ker\u00fclet Hegyvid\u00e9k \u00d6nkorm\u00e1nyzat\u00e1nak K\u00e9pvisel\u0151-test\u00fclete az Arany J\u00e1nos \u00c1ltal\u00e1nos Iskola \u00e9s Gimn\u00e1zium vezet\u0151i teend\u0151inek ell\u00e1t\u00e1s\u00e1val 2008. augusztus 1-j\u00e9t\u0151l 2013. j\u00falius 31-\u00e9ig terjed\u0151 hat\u00e1rozott id\u0151re Patk\u00f3 Lajost b\u00edzta meg.<\/p>\n","protected":false},"excerpt":{"rendered":"<p>Igazgat\u00f3i p\u00e1ly\u00e1zat Az iskola el\u0151z\u0151 igazgat\u00f3j\u00e1nak, Kov\u00e1cs Kolosn\u00e9nak a vezet\u0151i megb\u00edz\u00e1sa 2008. j\u00falius 31-\u00e9n lej\u00e1rt. Az igazgat\u00f3i \u00e1ll\u00e1shely bet\u00f6lt\u00e9s\u00e9re\u00a0 a fenntart\u00f3 XII. ker\u00fclet \u2013Hegyvid\u00e9k \u00d6nkorm\u00e1nyzata\u00a0 p\u00e1ly\u00e1zatot \u00edrt ki. 2008. m\u00e1jus 21-\u00e9n a nevel\u0151test\u00fclet \u00e9s az alkalmazotti k\u00f6z\u00f6ss\u00e9g v\u00e9lem\u00e9nyezte a h\u00e1rom be\u00e9rkezett p\u00e1ly\u00e1zatot. Patk\u00f3 Lajos, akkori igazgat\u00f3helyettes p\u00e1ly\u00e1zata 100 %-os t\u00e1mogat\u00e1st kapott. A vezet\u0151i program v\u00e9lem\u00e9nyez\u00e9se: [&hellip;]<\/p>\n","protected":false},"author":1,"featured_media":0,"parent":0,"menu_order":0,"comment_status":"closed","ping_status":"closed","template":"","meta":[],"_links":{"self":[{"href":"https:\/\/aranyj.hu\/index.php?rest_route=\/wp\/v2\/pages\/568"}],"collection":[{"href":"https:\/\/aranyj.hu\/index.php?rest_route=\/wp\/v2\/pages"}],"about":[{"href":"https:\/\/aranyj.hu\/index.php?rest_route=\/wp\/v2\/types\/page"}],"author":[{"embeddable":true,"href":"https:\/\/aranyj.hu\/index.php?rest_route=\/wp\/v2\/users\/1"}],"replies":[{"embeddable":true,"href":"https:\/\/aranyj.hu\/index.php?rest_route=%2Fwp%2Fv2%2Fcomments&post=568"}],"version-history":[{"count":1,"href":"https:\/\/aranyj.hu\/index.php?rest_route=\/wp\/v2\/pages\/568\/revisions"}],"predecessor-version":[{"id":570,"href":"https:\/\/aranyj.hu\/index.php?rest_route=\/wp\/v2\/pages\/568\/revisions\/570"}],"wp:attachment":[{"href":"https:\/\/aranyj.hu\/index.php?rest_route=%2Fwp%2Fv2%2Fmedia&parent=568"}],"curies":[{"name":"wp","href":"https:\/\/api.w.org\/{rel}","templated":true}]}}