{"id":536,"date":"2015-12-24T09:45:00","date_gmt":"2015-12-24T08:45:00","guid":{"rendered":"http:\/\/aranyj.hu\/?page_id=536"},"modified":"2015-12-24T09:45:53","modified_gmt":"2015-12-24T08:45:53","slug":"sion-vilagtalalkozok","status":"publish","type":"page","link":"https:\/\/aranyj.hu\/?page_id=536","title":{"rendered":"Sion Vil\u00e1gtal\u00e1lkoz\u00f3k"},"content":{"rendered":"<p><a href=\"http:\/\/aranyj.hu\/wp-content\/uploads\/2015\/12\/strasbourg.pdf\" target=\"_blank\">Strasbourg 2009<\/a><\/p>\n<p><a href=\"http:\/\/aranyj.hu\/wp-content\/uploads\/2015\/12\/jeruzs%C3%A1lemi_tov%C3%A1bbk%C3%A9pz%C3%A9s_2013.pdf\" target=\"_blank\">Jeruzs\u00e1lemi tov\u00e1bbk\u00e9pz\u00e9s 2013.<\/a><\/p>\n<p><strong>Rio de Janeiro 2015:<\/strong><\/p>\n<p><a href=\"http:\/\/aranyj.hu\/wp-content\/uploads\/2015\/12\/nds_schools_international_meetingenglish.pdf\" target=\"_blank\">&#8211;\u00a0NDS Schools International Meeting ENGLISH<\/a><\/p>\n<p><a href=\"http:\/\/aranyj.hu\/wp-content\/uploads\/2015\/12\/nds_schools_international_meetingfran%C3%A7ais.pdf\" target=\"_blank\">&#8211; NDS Schools International Meeting FRANCAIS<\/a><\/p>\n<p>&#8211;<a href=\"http:\/\/aranyj.hu\/wp-content\/uploads\/2015\/12\/2015.05.23.sion_talalkozo.pdf\" target=\"_blank\"> T\u00e9ma: A t\u00e1rsadalmi igazs\u00e1goss\u00e1gra nevel\u00e9s ( Educating for Social Justice)<\/a><\/p>\n<p><a href=\"http:\/\/aranyj.hu\/wp-content\/uploads\/2015\/12\/hegyvid%C3%A9k_cikk.pdf\" target=\"_blank\">&#8211; Nemzetk\u00f6zi programok az Aranyban<\/a><\/p>\n<p><strong>Notre Dame de Sion, Europe <\/strong>(A Sion rend honlapj\u00e1n iskol\u00e1nkr\u00f3l cikkek jelentek meg 2015. j\u00fanius\u00e1ban!)<br \/>\n<a href=\"http:\/\/www.sion.org\/index.php\/education\/nouvelles\/772-sashegyi-arany-janos-school\" target=\"_blank\">http:\/\/www.sion.org\/index.php\/education\/nouvelles\/772-sashegyi-arany-janos-school<\/a><br \/>\n<a href=\"http:\/\/www.sion.org\/index.php\/education\/nouvelles\/181-hongrie\/magyarorszagi-hirek\/771-sion-iskolak-3-vilagtalalkozoja\" target=\"_blank\"><br \/>\nhttp:\/\/www.sion.org\/index.php\/education\/nouvelles\/181-hongrie\/magyarorszagi-hirek\/771-sion-iskolak-3-vilagtalalkozoja<\/a><\/p>\n<p><strong>Projektek:<\/strong><\/p>\n<p><a href=\"http:\/\/aranyj.hu\/wp-content\/uploads\/2015\/12\/charity_program.pdf\" target=\"_blank\">Charity program<\/a><\/p>\n<p><a href=\"http:\/\/aranyj.hu\/wp-content\/uploads\/2015\/12\/social_work.pdf\" target=\"_blank\">Social work<\/a><\/p>\n<p><a href=\"http:\/\/aranyj.hu\/wp-content\/uploads\/2015\/12\/africa_project.pdf\" target=\"_blank\">Africa project<\/a><\/p>\n<p><a href=\"http:\/\/aranyj.hu\/wp-content\/uploads\/2015\/12\/report_on_rio_school_meeting_english.pdf\" target=\"_blank\">Report on Rio School \u00a0Meeting<\/a><\/p>\n","protected":false},"excerpt":{"rendered":"<p>Strasbourg 2009 Jeruzs\u00e1lemi tov\u00e1bbk\u00e9pz\u00e9s 2013. Rio de Janeiro 2015: &#8211;\u00a0NDS Schools International Meeting ENGLISH &#8211; NDS Schools International Meeting FRANCAIS &#8211; T\u00e9ma: A t\u00e1rsadalmi igazs\u00e1goss\u00e1gra nevel\u00e9s ( Educating for Social Justice) &#8211; Nemzetk\u00f6zi programok az Aranyban Notre Dame de Sion, Europe (A Sion rend honlapj\u00e1n iskol\u00e1nkr\u00f3l cikkek jelentek meg 2015. j\u00fanius\u00e1ban!) http:\/\/www.sion.org\/index.php\/education\/nouvelles\/772-sashegyi-arany-janos-school http:\/\/www.sion.org\/index.php\/education\/nouvelles\/181-hongrie\/magyarorszagi-hirek\/771-sion-iskolak-3-vilagtalalkozoja Projektek: Charity [&hellip;]<\/p>\n","protected":false},"author":1,"featured_media":0,"parent":0,"menu_order":0,"comment_status":"closed","ping_status":"closed","template":"","meta":[],"_links":{"self":[{"href":"https:\/\/aranyj.hu\/index.php?rest_route=\/wp\/v2\/pages\/536"}],"collection":[{"href":"https:\/\/aranyj.hu\/index.php?rest_route=\/wp\/v2\/pages"}],"about":[{"href":"https:\/\/aranyj.hu\/index.php?rest_route=\/wp\/v2\/types\/page"}],"author":[{"embeddable":true,"href":"https:\/\/aranyj.hu\/index.php?rest_route=\/wp\/v2\/users\/1"}],"replies":[{"embeddable":true,"href":"https:\/\/aranyj.hu\/index.php?rest_route=%2Fwp%2Fv2%2Fcomments&post=536"}],"version-history":[{"count":3,"href":"https:\/\/aranyj.hu\/index.php?rest_route=\/wp\/v2\/pages\/536\/revisions"}],"predecessor-version":[{"id":548,"href":"https:\/\/aranyj.hu\/index.php?rest_route=\/wp\/v2\/pages\/536\/revisions\/548"}],"wp:attachment":[{"href":"https:\/\/aranyj.hu\/index.php?rest_route=%2Fwp%2Fv2%2Fmedia&parent=536"}],"curies":[{"name":"wp","href":"https:\/\/api.w.org\/{rel}","templated":true}]}}

Sion Világtalálkozók

<p><a href="http://aranyj.hu/wp-content/uploads/2015/12/strasbourg.pdf" target="_blank">Strasbourg 2009</a></p>
<p><a href="http://aranyj.hu/wp-content/uploads/2015/12/jeruzs%C3%A1lemi_tov%C3%A1bbk%C3%A9pz%C3%A9s_2013.pdf" target="_blank">Jeruzsálemi továbbképzés 2013.</a></p>
<p><strong>Rio de Janeiro 2015:</strong></p>
<p><a href="http://aranyj.hu/wp-content/uploads/2015/12/nds_schools_international_meetingenglish.pdf" target="_blank">&#8211; NDS Schools International Meeting ENGLISH</a></p>
<p><a href="http://aranyj.hu/wp-content/uploads/2015/12/nds_schools_international_meetingfran%C3%A7ais.pdf" target="_blank">&#8211; NDS Schools International Meeting FRANCAIS</a></p>
<p>&#8211;<a href="http://aranyj.hu/wp-content/uploads/2015/12/2015.05.23.sion_talalkozo.pdf" target="_blank"> Téma: A társadalmi igazságosságra nevelés ( Educating for Social Justice)</a></p>
<p><a href="http://aranyj.hu/wp-content/uploads/2015/12/hegyvid%C3%A9k_cikk.pdf" target="_blank">&#8211; Nemzetközi programok az Aranyban</a></p>
<p><strong>Notre Dame de Sion, Europe </strong>(A Sion rend honlapján iskolánkról cikkek jelentek meg 2015. júniusában!)<br />
<a href="http://www.sion.org/index.php/education/nouvelles/772-sashegyi-arany-janos-school" target="_blank">http://www.sion.org/index.php/education/nouvelles/772-sashegyi-arany-janos-school</a><br />
<a href="http://www.sion.org/index.php/education/nouvelles/181-hongrie/magyarorszagi-hirek/771-sion-iskolak-3-vilagtalalkozoja" target="_blank"><br />
http://www.sion.org/index.php/education/nouvelles/181-hongrie/magyarorszagi-hirek/771-sion-iskolak-3-vilagtalalkozoja</a></p>
<p><strong>Projektek:</strong></p>
<p><a href="http://aranyj.hu/wp-content/uploads/2015/12/charity_program.pdf" target="_blank">Charity program</a></p>
<p><a href="http://aranyj.hu/wp-content/uploads/2015/12/social_work.pdf" target="_blank">Social work</a></p>
<p><a href="http://aranyj.hu/wp-content/uploads/2015/12/africa_project.pdf" target="_blank">Africa project</a></p>
<p><a href="http://aranyj.hu/wp-content/uploads/2015/12/report_on_rio_school_meeting_english.pdf" target="_blank">Report on Rio School  Meeting</a></p>

<p>Strasbourg 2009 Jeruzsálemi továbbképzés 2013. Rio de Janeiro 2015: &#8211; NDS Schools International Meeting ENGLISH &#8211; NDS Schools International Meeting FRANCAIS &#8211; Téma: A társadalmi igazságosságra nevelés ( Educating for Social Justice) &#8211; Nemzetközi programok az Aranyban Notre Dame de Sion, Europe (A Sion rend honlapján iskolánkról cikkek jelentek meg 2015. júniusában!) http://www.sion.org/index.php/education/nouvelles/772-sashegyi-arany-janos-school http://www.sion.org/index.php/education/nouvelles/181-hongrie/magyarorszagi-hirek/771-sion-iskolak-3-vilagtalalkozoja Projektek: Charity [&hellip;]</p>
