{"id":4497,"date":"2019-09-05T10:48:31","date_gmt":"2019-09-05T09:48:31","guid":{"rendered":"http:\/\/aranyj.hu\/?page_id=4497"},"modified":"2025-10-20T07:07:29","modified_gmt":"2025-10-20T05:07:29","slug":"a-felveteli-lehetosegekrol-szolo-tajekoztato","status":"publish","type":"page","link":"https:\/\/aranyj.hu\/?page_id=4497","title":{"rendered":"A felv\u00e9teli lehet\u0151s\u00e9gekr\u0151l sz\u00f3l\u00f3 t\u00e1j\u00e9koztat\u00f3"},"content":{"rendered":"<p>A sz\u00fcl\u0151k \u00e9s \u00e9rdekl\u0151d\u0151 di\u00e1kok a honlapunkon t\u00e1j\u00e9koz\u00f3dhatnak az \u00e1ltal\u00e1nos iskolai, illetve a gimn\u00e1ziumi felv\u00e9teli elj\u00e1r\u00e1s rendj\u00e9r\u0151l, az indul\u00f3 tagozatokr\u00f3l, az iskola k\u00f6vetelm\u00e9nyrendszer\u00e9r\u0151l, a k\u00edn\u00e1lt lehet\u0151s\u00e9gekr\u0151l, valamint az iskolai \u00e9letr\u0151l.<\/p>\n<p><strong>\u00a0<\/strong><\/p>\n<p><strong>Az \u00e1ltal\u00e1nos iskolai be\u00edrat\u00e1s szab\u00e1lyai<\/strong><\/p>\n<p>A tanul\u00f3i jogviszony a beiratkoz\u00e1s napj\u00e1n j\u00f6n l\u00e9tre. A tanul\u00f3 a tanul\u00f3i jogviszonyon alapul\u00f3 jogait ett\u0151l az id\u0151pontt\u00f3l gyakorolhatja. Tanul\u00f3i jogviszonyt int\u00e9zm\u00e9ny\u00fcnk 1. \u00e9vfolyam\u00e1ra az adott tan\u00e9v elej\u00e9t\u0151l az a di\u00e1k l\u00e9tes\u00edtett, aki az \u00e1ltal\u00e1nos iskolai beiratkoz\u00e1si elj\u00e1r\u00e1s felt\u00e9teleit teljes\u00edtve int\u00e9zm\u00e9ny\u00fcnkbe sikeresen beiratkozott.<\/p>\n<p>Amennyiben az int\u00e9zm\u00e9ny az \u00e1ltal\u00e1nos iskolai be\u00edrat\u00e1si elj\u00e1r\u00e1s sor\u00e1n az \u00f6sszes be\u00edrat\u00e1si k\u00e9relmet helyhi\u00e1ny miatt nem tudja teljes\u00edteni, az \u00e9rintett csoportba tartoz\u00f3k k\u00f6z\u00f6tt sorsol\u00e1s \u00fatj\u00e1n d\u00f6nt.<\/p>\n<p>A sorsol\u00e1sra a be\u00edrat\u00e1si k\u00e9relmet beny\u00fajt\u00f3k megh\u00edv\u00e1st kapnak.<\/p>\n<p>A sorsol\u00e1s menete:<\/p>\n<p>&#8211; Az \u00e9rintett csoporttagok (sorsol\u00e1sra ker\u00fcl\u0151 di\u00e1kok) nev\u00e9nek nyilv\u00e1noss\u00e1gra hozatala<\/p>\n<p>&#8211; A nevek \u201esorsol\u00f3-kalapba\u201d helyez\u00e9se<\/p>\n<p>&#8211; A sorsol\u00e1s lebonyol\u00edt\u00e1sa, megfelel\u0151 sz\u00e1m\u00fa n\u00e9v kih\u00faz\u00e1sa a sorsol\u00f3-kalapb\u00f3l<\/p>\n<p>&#8211; A sorsol\u00e1s eredm\u00e9ny\u00e9nek kihirdet\u00e9se<\/p>\n<p><strong>\u00a0<\/strong><\/p>\n<p><strong>A k\u00f6z\u00e9pfok\u00fa felv\u00e9teli szab\u00e1lyai<\/strong><\/p>\n<p>A tanul\u00f3i jogviszony a beiratkoz\u00e1s napj\u00e1n j\u00f6n l\u00e9tre. A tanul\u00f3 a tanul\u00f3i jogviszonyon alapul\u00f3 jogait ett\u0151l az id\u0151pontt\u00f3l gyakorolhatja. Tanul\u00f3i jogviszonyt int\u00e9zm\u00e9ny\u00fcnk 9. \u00e9vfolyam\u00e1ra az adott tan\u00e9v elej\u00e9t\u0151l az a di\u00e1k l\u00e9tes\u00edtett, aki<\/p>\n<p>a, a k\u00f6z\u00e9piskolai felv\u00e9teli elj\u00e1r\u00e1st k\u00f6vet\u0151en int\u00e9zm\u00e9ny\u00fcnkbe felv\u00e9telt nyert \u00e9s<\/p>\n<p>b, a k\u00f6z\u00e9piskolai beiratkoz\u00e1skor gondvisel\u0151j\u00e9vel beiratkozott<\/p>\n<p>A k\u00f6z\u00e9piskolai felv\u00e9teli elj\u00e1r\u00e1s sor\u00e1n a hozz\u00e1nk jelentkez\u0151 tanul\u00f3knak r\u00e9szt kell venni\u00fck a k\u00f6zponti \u00edr\u00e1sbeli felv\u00e9telin magyar nyelv \u00e9s irodalomb\u00f3l, matematik\u00e1b\u00f3l, valamint egy sz\u00f3beli meghallgat\u00e1son. Besz\u00e1m\u00edtjuk az \u00e1ltal\u00e1nos iskola 7. oszt\u00e1ly \u00e9v v\u00e9gi \u00e9s 8. oszt\u00e1ly f\u00e9l\u00e9vi oszt\u00e1lyzatait. (a magatart\u00e1s \u00e9s a szorgalom jegyek kiv\u00e9tel\u00e9vel).<\/p>\n<p>A jelentkez\u0151ket a hozott \u00e9s a felv\u00e9teli elj\u00e1r\u00e1s sor\u00e1n szerzett pontsz\u00e1mok alapj\u00e1n rangsoroljuk.<\/p>\n<p>A sz\u00f3beli meghallgat\u00e1s szab\u00e1lyai: A sz\u00f3beli meghallgat\u00e1son az \u00e1ltal\u00e1nos m\u0171velts\u00e9g m\u00e9r\u00e9se mellett a v\u00e1lasztott szakt\u00e1rgyi ismeretekr\u0151l adnak sz\u00e1mot a jelentkez\u0151k.<\/p>\n<p>A re\u00e1l tagozatra (0001-es tagozat) jelentkez\u0151 tanul\u00f3k sz\u00f3beli meghallgat\u00e1sa biol\u00f3gia \u00e9s f\u00f6ldrajz tant\u00e1rgyb\u00f3l t\u00f6rt\u00e9nik.<\/p>\n<p>A hum\u00e1n tagozatra (0003-as, 0004-es tagozat) jelentkez\u0151 sz\u00f3beli meghallgat\u00e1sa magyar nyelv \u00e9s irodalom tant\u00e1rgyb\u00f3l t\u00f6rt\u00e9nik.<\/p>\n<p>A nyelvi el\u0151k\u00e9sz\u00edt\u0151 angol nyelvi oszt\u00e1lyba (0002-es tagozat) jelentkez\u0151k sz\u00f3beli vizsg\u00e1ja egy \u00e1ltaluk k\u00e9sz\u00edtett portf\u00f3li\u00f3 bemutat\u00e1sa angol nyelven.<\/p>\n<p>Ha a jelentkez\u0151 tanul\u00f3 t\u00f6bb tagozatot jel\u00f6l, valamennyi tagozat sz\u00f3beli meghallgat\u00e1s\u00e1n r\u00e9szt vesz.<\/p>\n","protected":false},"excerpt":{"rendered":"<p>A sz\u00fcl\u0151k \u00e9s \u00e9rdekl\u0151d\u0151 di\u00e1kok a honlapunkon t\u00e1j\u00e9koz\u00f3dhatnak az \u00e1ltal\u00e1nos iskolai, illetve a gimn\u00e1ziumi felv\u00e9teli elj\u00e1r\u00e1s rendj\u00e9r\u0151l, az indul\u00f3 tagozatokr\u00f3l, az iskola k\u00f6vetelm\u00e9nyrendszer\u00e9r\u0151l, a k\u00edn\u00e1lt lehet\u0151s\u00e9gekr\u0151l, valamint az iskolai \u00e9letr\u0151l. \u00a0 Az \u00e1ltal\u00e1nos iskolai be\u00edrat\u00e1s szab\u00e1lyai A tanul\u00f3i jogviszony a beiratkoz\u00e1s napj\u00e1n j\u00f6n l\u00e9tre. A tanul\u00f3 a tanul\u00f3i jogviszonyon alapul\u00f3 jogait ett\u0151l az id\u0151pontt\u00f3l gyakorolhatja. [&hellip;]<\/p>\n","protected":false},"author":1,"featured_media":0,"parent":0,"menu_order":0,"comment_status":"closed","ping_status":"closed","template":"","meta":[],"_links":{"self":[{"href":"https:\/\/aranyj.hu\/index.php?rest_route=\/wp\/v2\/pages\/4497"}],"collection":[{"href":"https:\/\/aranyj.hu\/index.php?rest_route=\/wp\/v2\/pages"}],"about":[{"href":"https:\/\/aranyj.hu\/index.php?rest_route=\/wp\/v2\/types\/page"}],"author":[{"embeddable":true,"href":"https:\/\/aranyj.hu\/index.php?rest_route=\/wp\/v2\/users\/1"}],"replies":[{"embeddable":true,"href":"https:\/\/aranyj.hu\/index.php?rest_route=%2Fwp%2Fv2%2Fcomments&post=4497"}],"version-history":[{"count":6,"href":"https:\/\/aranyj.hu\/index.php?rest_route=\/wp\/v2\/pages\/4497\/revisions"}],"predecessor-version":[{"id":9841,"href":"https:\/\/aranyj.hu\/index.php?rest_route=\/wp\/v2\/pages\/4497\/revisions\/9841"}],"wp:attachment":[{"href":"https:\/\/aranyj.hu\/index.php?rest_route=%2Fwp%2Fv2%2Fmedia&parent=4497"}],"curies":[{"name":"wp","href":"https:\/\/api.w.org\/{rel}","templated":true}]}}