{"id":44,"date":"2015-11-28T16:24:13","date_gmt":"2015-11-28T16:24:13","guid":{"rendered":"http:\/\/aranyj.hu\/?page_id=44"},"modified":"2022-08-15T12:59:33","modified_gmt":"2022-08-15T11:59:33","slug":"alapitvanyok","status":"publish","type":"page","link":"https:\/\/aranyj.hu\/?page_id=44","title":{"rendered":"Alap\u00edtv\u00e1nyok"},"content":{"rendered":"<h3>Arany\u00e9let Nevel\u00e9si, Oktat\u00e1si \u00e9s Szem\u00e9lyis\u00e9gfejleszt\u0151 Alap\u00edtv\u00e1ny<\/h3>\n<p><img decoding=\"async\" loading=\"lazy\" class=\"size-full wp-image-45 alignleft\" src=\"http:\/\/aranyj.hu\/wp-content\/uploads\/2015\/11\/21_b.jpg\" alt=\"21_b\" width=\"253\" height=\"253\" \/><\/p>\n<h3><span class=\"style5\">A kurat\u00f3rium eln\u00f6ke: Vit\u00e1rius Bal\u00e1zs<\/span><\/h3>\n<h3 class=\"style4\">Ad\u00f3sz\u00e1m: 18267189-1-43<\/h3>\n<p>Az Alap\u00edtv\u00e1nyt 2009-ben alap\u00edtotta a volt Aranyos di\u00e1kokb\u00f3l \u00e1ll\u00f3 \u00d3arany Egyes\u00fclet. C\u00e9lunk az iskola tanulm\u00e1nyi, kultur\u00e1lis \u00e9let\u00e9nek serkent\u00e9se, el\u0151remutat\u00f3, fejleszt\u0151 beruh\u00e1z\u00e1sok t\u00e1mogat\u00e1sa, r\u00e1szorul\u00f3 tanul\u00f3k seg\u00edt\u00e9se. 2010 \u00f3ta minden \u00e9vben J\u00f3t\u00e9konys\u00e1gi Arany Estet rendezt\u00fcnk, melyen iskol\u00e1nk h\u00edres m\u0171v\u00e9ssz\u00e9 v\u00e1lt volt n\u00f6vend\u00e9kei \u00e9s a jelenlegi tehets\u00e9gek egy\u00fctt l\u00e9ptek fel. Az innen sz\u00e1rmaz\u00f3 bev\u00e9telt az iskola bel\u00e9ptet\u0151-rendszer\u00e9nek kialak\u00edt\u00e1s\u00e1ra, a normat\u00edv tank\u00f6nyvt\u00e1mogat\u00e1s kieg\u00e9sz\u00edt\u00e9s\u00e9re, sz\u00e1m\u00edt\u00f3g\u00e9ppark fejleszt\u00e9sre, \u00e9s az Arany terem fel\u00faj\u00edt\u00e1s\u00e1ra ford\u00edtottuk.<\/p>\n<p>&nbsp;<\/p>\n<p>Az UniCredit Bank seg\u00edts\u00e9g\u00e9vel 5. \u00e9ve t\u00e1mogatjuk a John Gold Cup 12 \u00f3r\u00e1s labdar\u00fag\u00f3 torn\u00e1t.<br \/>\nSeg\u00edtj\u00fck a r\u00e1szorul\u00f3 di\u00e1kok sportol\u00e1s\u00e1t, erdei iskol\u00e1ban, oszt\u00e1lykir\u00e1ndul\u00e1son t\u00f6rt\u00e9n\u0151 r\u00e9szt v\u00e9tel\u00e9t.<br \/>\nA Notre Dame de Sion rend t\u00e1mogat\u00e1s\u00e1val eml\u00e9kt\u00e1bl\u00e1t \u00e1ll\u00edtottunk az iskolaalap\u00edt\u00f3knak.<\/p>\n<p class=\"style3\">K\u00f6sz\u00f6nj\u00fck felaj\u00e1nl\u00e1s\u00e1t, \u00edg\u00e9rj\u00fck, megbecs\u00fclj\u00fck!<\/p>\n<p>T\u00e1mogassa \u00d6n is saj\u00e1t gyermek\u00e9t!<\/p>\n<p class=\"style3\"><strong>Sz\u00e1mlasz\u00e1m:<br \/>\n<\/strong><strong><strong>12011265- 01173538 \u2013 00100001<\/strong><\/strong><\/p>\n<hr \/>\n<p>&nbsp;<\/p>\n<div id=\"apDiv51\">\n<div>\n<h2><span class=\"style4\">Sashegyi Arany Iskolaalap\u00edtv\u00e1ny<br \/>\n<\/span><\/h2>\n<p><img decoding=\"async\" loading=\"lazy\" class=\"size-full wp-image-52 alignleft\" src=\"http:\/\/aranyj.hu\/wp-content\/uploads\/2015\/11\/20_b.jpg\" alt=\"20_b\" width=\"232\" height=\"231\" \/><\/p>\n<h3><span class=\"style5\">A kurat\u00f3rium eln\u00f6ke: Nov\u00e1k J\u00e1nos<\/span><\/h3>\n<p><span class=\"style4\">Ad\u00f3sz\u00e1m: 19657033-1-43<\/span><\/p>\n<\/div>\n<\/div>\n<div id=\"apDiv54\">\n<p class=\"style3\">Az alap\u00edtv\u00e1ny anyagi lehet\u0151s\u00e9geit els\u0151sorban az SZJA-k 1%-\u00e1b\u00f3l befolyt \u00f6sszeg hat\u00e1rozza meg, amelyb\u0151l jelenleg \u00e9vr\u0151l-\u00e9vre finansz\u00edrozza az iskolai n\u00e9pt\u00e1nc oktat\u00e1s\u00e1t. Emellett t\u00e1mogatja m\u00e9g a hagyom\u00e1nyos adventi koszor\u00fak\u00e9sz\u00edt\u00e9st, valamint a 11. \u00e9vfolyamosok erd\u00e9lyi kir\u00e1ndul\u00e1s\u00e1nak t\u00e9m\u00e1j\u00e1ban beny\u00fajtott p\u00e1lyamunk\u00e1k jutalmaz\u00e1s\u00e1t.<\/p>\n<p>K\u00e9rj\u00fck, olvassa el alap\u00edtv\u00e1nyunk m\u00faltj\u00e1r\u00f3l sz\u00f3l\u00f3 gondolatokat!<\/p>\n<\/div>\n<div id=\"apDiv56\">\n<h3>SASHEGYI ARANY ISKOLAALAPTV\u00c1NY<\/h3>\n<p>&nbsp;<\/p>\n<p class=\"style3\">Az\u00a0<strong>Alap\u00edtv\u00e1nyt 23 \u00e9ve<\/strong>, 1990-ben a\u00a0<strong>sz\u00fcl\u0151k \u00f6sszefog\u00e1sak\u00e9nt alakult<\/strong> abb\u00f3l a c\u00e9lb\u00f3l, hogy<\/p>\n<p class=\"style3\"><strong>hozz\u00e1j\u00e1ruljon gyermekeik nevel\u00e9s\u00e9hez, oktat\u00e1s\u00e1hoz, a tan\u00f3r\u00e1n k\u00edv\u00fcli hasznos id\u0151t\u00f6lt\u00e9shez, az iskola \u00f6n\u00e1ll\u00f3 arculat\u00e1nak kialak\u00edt\u00e1s\u00e1hoz.<\/strong><\/p>\n<p class=\"style3\">C\u00e9lkit\u0171z\u00e9se \u00e9s tev\u00e9kenys\u00e9ge sokr\u00e9t\u0171, amelyet az\u00a0<strong>iskol\u00e1val egy\u00fcttm\u0171k\u00f6dve<\/strong> val\u00f3s\u00edt meg.<br \/>\nA mai materi\u00e1lis vil\u00e1gban azonban\u00a0<strong>nem el\u00e9g a j\u00f3 gondolat. P\u00e9nzre is sz\u00fcks\u00e9g van.<\/strong><\/p>\n<p class=\"style3\">Ez\u00e9rt k\u00e9rj\u00fck, hogy<\/p>\n<p class=\"style3\"><strong>ad\u00f3juk 1%-\u00e1val t\u00e1mogass\u00e1k a Sashegyi Arany Iskolaalap\u00edtv\u00e1nyt,<\/strong><\/p>\n<p class=\"style3\"><strong>Ad\u00f3sz\u00e1m: 19657033-1-43<\/strong><\/p>\n<p class=\"style3\">Tudjuk, hogy az ad\u00f3bevall\u00e1s hat\u00e1rideje m\u00e9g nem esed\u00e9kes. Amennyiben k\u00fcldhet\u00fcnk egy eml\u00e9keztet\u0151t a lead\u00e1s hat\u00e1rideje el\u0151tt k\u00e9rj\u00fck, k\u00fcldj\u00f6n egy e-mailt a\u00a0<a href=\"mailto:szuloi@chello.hu\">szuloi@chello.hu<\/a> e-mail c\u00edmre.<\/p>\n<p class=\"style3\">A\u00a023 \u00e9v megval\u00f3s\u00edtott programjainak \u00f6sszefoglal\u00f3ja az iskola honlapj\u00e1n is megtal\u00e1lhat\u00f3.<\/p>\n<p class=\"style3\">Mindig is a c\u00e9lkit\u0171z\u00e9seink voltak:<\/p>\n<p class=\"style3\">&#8211; T\u00f6bbek k\u00f6z\u00f6tt: kultur\u00e1lis, sport, szabadid\u0151s, tan\u00f3r\u00e1n k\u00edv\u00fcli programok, szakk\u00f6r\u00f6k, tanul\u00f3i p\u00e1ly\u00e1zatok, di\u00e1k\u00f6nkorm\u00e1nyzat t\u00e1mogat\u00e1sa, nyelvoktat\u00e1s, a sz\u00e1m\u00edt\u00e1stechnika oktat\u00e1s, hagyom\u00e1ny\u00e9ltet\u00e9s programjainak, hat\u00e1ron t\u00fali kapcsolatoknak kiemelt t\u00e1mogat\u00e1sa.<br \/>\n&#8211;\u00a0\u00a0 Az iskol\u00e1nak oktat\u00e1si c\u00e9lokat szolg\u00e1l\u00f3 eszk\u00f6z\u00f6k v\u00e1s\u00e1rl\u00e1sa, fejleszt\u00e9sek, beruh\u00e1z\u00e1sok t\u00e1mogat\u00e1sa.<\/p>\n<p class=\"style3\">A felsorolt feladatok megval\u00f3s\u00edt\u00e1sa nem az Alap\u00edtv\u00e1ny \u00e9rdeme, hanem a sz\u00fcl\u0151k\u00e9, a pedag\u00f3gusok\u00e9, a di\u00e1kok\u00e9, akik szeretettel vettek r\u00e9szt a megval\u00f3s\u00edt\u00e1sban, vagy anyagilag t\u00e1mogatt\u00e1k azt.<\/p>\n<p class=\"style3\">1997 \u00f3ta az Iskola \u00e9s a Sashegyi Arany Iskolaalap\u00edtv\u00e1ny minden k\u00f6z\u00f6s programj\u00e1nak k\u00f6lts\u00e9g\u00e9t az SZJA 1%-ok biztos\u00edtj\u00e1k. Ugyan \u00fagy, mint a megl\u00e9v\u0151 folyamatos programok\u00e9t, a n\u00e9pt\u00e1nc\u00e9t, az adventi koszor\u00fak k\u00e9sz\u00edt\u00e9s\u00e9t, az Erd\u00e9lyben kir\u00e1ndul\u00f3 di\u00e1kok p\u00e1ly\u00e1zat\u00e1nak jutalmaz\u00e1s\u00e1t, a \u201ecip\u0151sdoboz\u201d aj\u00e1nd\u00e9kok eljuttat\u00e1s\u00e1t az erd\u00e9lyi V\u00e1lasz\u00fatra.<\/p>\n<p class=\"style3\">Jelenleg az iskola t\u00e1mogat\u00e1sa egy-egy mark\u00e1ns tev\u00e9kenys\u00e9gre koncentr\u00e1l\u00f3dik, ilyen lett a n\u00e9pt\u00e1nc, ami annyira sikeresnek bizonyult, hogy a tan\u00f3r\u00e1k rendj\u00e9be is beker\u00fclt.<\/p>\n<p class=\"style3\">Az Alap\u00edtv\u00e1ny az anyagi lehet\u0151s\u00e9g\u00e9t\u0151l f\u00fcgg\u0151en mindig nyitott minden tev\u00e9kenys\u00e9g t\u00e1mogat\u00e1s\u00e1ra, amely a c\u00e9ljai megval\u00f3s\u00edt\u00e1s\u00e1t szolg\u00e1lja.<\/p>\n<p class=\"style3\">A hossz\u00fa \u00e9vek \u00f3ta sikeres programok h\u00edrnevet szereztek az iskol\u00e1nknak, a n\u00e9pt\u00e1nc pedig hozz\u00e1j\u00e1rul arculat\u00e1nak kialak\u00edt\u00e1s\u00e1hoz. Pokorni Zolt\u00e1n polg\u00e1rmester \u00far gratul\u00e1lt az Alap\u00edtv\u00e1ny \u201emisszi\u00f3s tev\u00e9kenys\u00e9g\u00e9hez\u201d.<\/p>\n<p class=\"style3\">K\u00f6sz\u00f6nettel: Nov\u00e1k J\u00e1nos<br \/>\nAlap\u00edtv\u00e1ny k\u00e9pvisel\u0151je<\/p>\n<p class=\"style3\"><strong>Sashegyi Arany Iskolaalap\u00edtv\u00e1ny<\/strong><\/p>\n<p class=\"style3\"><strong>23 \u00e9v megval\u00f3s\u00edtott programjainak \u00f6sszefoglal\u00f3ja<\/strong><\/p>\n<p class=\"style3\">Az Alap\u00edtv\u00e1ny banksz\u00e1mla sz\u00e1ma: 10103805-51035436-00000007<\/p>\n<ul>\n<li>A rendszerv\u00e1lt\u00e1s ut\u00e1n egy ideig m\u00e9g az orosz nyelvet kellett tan\u00edtani. Az iskola igazgat\u00f3j\u00e1nak enged\u00e9ly\u00e9vel az\u00a0<strong>1990\/1991<\/strong>-es tan\u00e9vben a Danubius N\u00e9met Nyelviskol\u00e1val szerz\u0151d\u00e9st k\u00f6t\u00f6tt a Sashegyi Arany Iskolaalap\u00edtv\u00e1ny a\u00a0<strong>n\u00e9met nyelv<\/strong> \u00f3rarendben t\u00f6rt\u00e9n\u0151 oktat\u00e1s\u00e1ra, azokban az oszt\u00e1lyokban, ahol a sz\u00fcl\u0151k k\u00e9rt\u00e9k.<\/li>\n<\/ul>\n<p class=\"style3\">A k\u00f6vetkez\u0151\u00a0<strong>1991\/1992<\/strong>-es tan\u00e9vben, tekintettel a nyugati nyelvek oktat\u00e1s\u00e1nak ig\u00e9ny\u00e9re, szerz\u0151d\u00e9st k\u00f6t\u00f6tt az Alap\u00edtv\u00e1ny dr. Bara J\u00e1nosn\u00e9 igazgat\u00f3val, hogy az\u00a0<strong>angol \u00e9s a n\u00e9met<\/strong> nyelvet heti k\u00e9t \u00f3r\u00e1ban \u00e9s csoportbont\u00e1sban m\u00e1r az iskola tan\u00e1rai tan\u00edts\u00e1k. A tan\u00e1rok b\u00e9r\u00e9t az Alap\u00edtv\u00e1ny k\u00f6lts\u00e9gt\u00e9r\u00edt\u00e9s form\u00e1j\u00e1ban fizette az iskol\u00e1nak. \u00cdgy indult el az Aranyban a nyugati nyelvek tan\u00f3r\u00e1ban t\u00f6rt\u00e9n\u0151 oktat\u00e1sa a rendszerv\u00e1lt\u00e1s ut\u00e1n.<\/p>\n<ul>\n<li>Az als\u00f3 tagozatos gyerekek mozg\u00e1s ig\u00e9ny\u00e9nek kiel\u00e9g\u00edt\u00e9s\u00e9re 1.500.000.- forint\u00e9rt korszer\u0171\u00a0<strong>balesetmentes j\u00e1tsz\u00f3teret<\/strong> \u00e9p\u00edtett az Alap\u00edtv\u00e1ny, az elavult, balesetvesz\u00e9lyes r\u00e9gi j\u00e1tsz\u00f3t\u00e9r helyett.<\/li>\n<li>Megteremtette az Alap\u00edtv\u00e1ny a\u00a0<strong>Luca napi v\u00e1s\u00e1r<\/strong> hagyom\u00e1ny\u00e1t.<\/li>\n<li>A\u00a0<strong>Szigetszentm\u00e1rtoni t\u00e1bor<\/strong> felszerel\u00e9s\u00e9t &#8211; amikor, m\u00e9g, az iskol\u00e1nk tulajdon\u00e1ban volt &#8211; az Alap\u00edtv\u00e1ny \u00e9vr\u0151l-\u00e9vre fejlesztette, hogy a tanul\u00f3ink ny\u00e1ron j\u00f3l \u00e9rezz\u00e9k magukat.<\/li>\n<li>A\u00a0<strong>kos\u00e1rlabda<\/strong> sport \u00e9s a\u00a0<strong>labdar\u00fag\u00e1s<\/strong> a Sashegyi Arany Iskolaalap\u00edtv\u00e1ny t\u00e1mogat\u00e1s\u00e1nak \u00e9s a testnevel\u0151 tan\u00e1rok munk\u00e1j\u00e1nak k\u00f6sz\u00f6nhet\u0151en vir\u00e1gzott \u00e9s kiv\u00e1l\u00f3 eredm\u00e9nyeket produk\u00e1lt.<\/li>\n<\/ul>\n<p class=\"style3\">Az iskola kos\u00e1rlabda csapata 1993-ban kijutott a B\u00e9csi Kos\u00e1rlabda Torn\u00e1ra, 1994-ben pedig a B\u00e9csi Nemzetk\u00f6zi Kos\u00e1rlabda Torn\u00e1ra.<br \/>\nA labdar\u00fag\u00e1s helyzet\u00e9t megismerhetj\u00fck Gergely Ferenc tan\u00e1r \u00far level\u00e9b\u0151l<em>: \u201eK\u00f6sz\u00f6netet mondok \u00d6nnek \u00e9s a Kurat\u00f3rium t\u00f6bbi tagj\u00e1nak az\u00e9rt a jelent\u0151s erk\u00f6lcsi \u00e9s anyagi t\u00e1mogat\u00e1s\u00e9rt, amelyben iskol\u00e1nk sportol\u00f3 ifj\u00fas\u00e1g\u00e1t, k\u00fcl\u00f6n\u00f6sen a labdar\u00fag\u00f3 szakoszt\u00e1lyt az Alap\u00edtv\u00e1ny r\u00e9szes\u00edtette.<\/em><br \/>\n<em>A fi\u00fak megh\u00e1l\u00e1lt\u00e1k a seg\u00edts\u00e9get, hiszen csapataink a ker\u00fcleti Di\u00e1kolimpi\u00e1n h\u00e1rom arany\u00e9rmet, k\u00e9t ez\u00fcst, \u00e9s egy bronz\u00e9rmet szereztek, legjobbjaink pedig h\u00e1rom \u00e9ven kereszt\u00fcl a f\u0151v\u00e1ros legjobb n\u00e9gy kisp\u00e1ly\u00e1s csapata k\u00f6z\u00e9 k\u00fczd\u00f6tt\u00e9k fel magukat, amit m\u00e1s k\u00f6z\u00e9pfok\u00fa oktat\u00e1si int\u00e9zm\u00e9ny nem tudott el\u00e9rni.<\/em><br \/>\n<em>H\u00e1zi kupaversenyek ki\u00e9p\u00edt\u00e9s\u00e9vel el\u00e9rt\u00fck azt, hogy ma m\u00e1r iskol\u00e1nkban szinte \u201emindenki\u201d kergeti a labd\u00e1t, ami az idel\u00e1togat\u00f3 vend\u00e9gcsapatoknak is felt\u0171nt, elismer\u00e9s\u00fcket v\u00e1ltotta ki.\u201d<\/em><\/p>\n<ul>\n<li>Eg\u00e9szs\u00e9ges k\u00f6rnyezet\u00fcnk v\u00e9delm\u00e9\u00e9rt \u00e9veken kereszt\u00fcl nagyszab\u00e1s\u00fa, eredm\u00e9nyes, az eg\u00e9sz iskol\u00e1t megmozgat\u00f3\u00a0<strong>parlagf\u0171 irt\u00e1si akci\u00f3t<\/strong> szervezett az Alap\u00edtv\u00e1ny, ahol tombol\u00e1n \u00e9rt\u00e9kes jutalmak voltak, \u00e9s a f\u0151d\u00edj mindig ker\u00e9kp\u00e1r volt. A munk\u00e1t a F\u0151v\u00e1rosi \u00d6nkorm\u00e1nyzat kit\u00fcntet\u0151 oklev\u00e9llel k\u00f6sz\u00f6nte meg.<\/li>\n<li>Az idegen nyelv eredm\u00e9nyes oktat\u00e1sa \u00e9rdek\u00e9ben az Alap\u00edtv\u00e1ny k\u00f6zel 2.000.000.- forinttal t\u00e1mogatta a\u00a0<strong>nyelvi labor<\/strong> \u00e9p\u00edt\u00e9s\u00e9t.<\/li>\n<li>A Sashegyi Arany Iskolaalap\u00edtv\u00e1ny kiemelt t\u00e1mogat\u00e1s\u00e1val \u00e9p\u00fclt fel a <strong>sz\u00ednh\u00e1zterem a m\u00e1sodik emeleten<\/strong>. A l\u00e9tes\u00edt\u00e9sen k\u00edv\u00fcl a produkci\u00f3kat is t\u00e1mogatta az Alap\u00edtv\u00e1ny. Az \u00e9p\u00edt\u00e9st \u00e9s a produkci\u00f3kat 1.000.000.- forintot meghalad\u00f3 \u00f6sszegben t\u00e1mogatta.<\/li>\n<li><strong>A n\u00e9pt\u00e1nc \u00f3rarendben t\u00f6rt\u00e9n\u0151 tan\u00edt\u00e1sa<\/strong> a Sashegyi Arany Iskolaalap\u00edtv\u00e1ny kezdem\u00e9nyez\u00e9s\u00e9vel \u00e9s t\u00e1mogat\u00e1s\u00e1val val\u00f3sult meg. Az iskola vezet\u00e9se a kezdetekt\u0151l fogva a program mell\u00e9 \u00e1llt. Nagy sikere van a tanul\u00f3k \u00e9s a sz\u00fcl\u0151k k\u00f6z\u00f6tt.<\/li>\n<li>A sz\u00e1m\u00edt\u00e1stechnika oktat\u00e1s\u00e1nak t\u00e1mogat\u00e1sa\u00a0<strong>sz\u00e1m\u00edt\u00f3g\u00e9pek, szoftverek v\u00e1s\u00e1rl\u00e1s\u00e1val<\/strong>, sz\u00e1m\u00edt\u00f3g\u00e9ppark b\u0151v\u00edt\u00e9s\u00e9vel, a T-Mobilt\u00f3l \u00e1tvett g\u00e9pekkel \u00e9s monitorokkal t\u00f6rt\u00e9nt.<\/li>\n<li>A di\u00e1kok, a sz\u00fcl\u0151k, a pedag\u00f3gusok, az iskola fizikai dolgoz\u00f3i k\u00f6z\u00f6sen, mindenki mag\u00e1nak k\u00e9sz\u00edthet\u00a0<strong>adventi koszor\u00fat<\/strong> a kar\u00e1csonyra v\u00e1r\u00e1s jegy\u00e9ben. Minden \u00e9vben 260-270 darab adventi koszor\u00fa k\u00e9sz\u00fcl el az Alap\u00edtv\u00e1ny t\u00e1mogat\u00e1s\u00e1val. 2012-ben pedig 390 darab koszor\u00fa k\u00e9sz\u00fclt.<\/li>\n<li>Az\u00a0<strong>erd\u00e9lyi Kall\u00f3s Zolt\u00e1n Alap\u00edtv\u00e1ny<\/strong> v\u00e1lasz\u00fati sz\u00f3rv\u00e1ny koll\u00e9giuma kis di\u00e1kjai kar\u00e1csonyi aj\u00e1nd\u00e9k akci\u00f3j\u00e1nak megszervez\u00e9s\u00e9t \u00e9s az aj\u00e1nd\u00e9kok eljuttat\u00e1s\u00e1t V\u00e1lasz\u00fatra az Alap\u00edtv\u00e1ny v\u00e9gzi.<\/li>\n<li>Megalap\u00edtotta a\u00a0<strong>Sashegyi N\u00e9pt\u00e1nc Egy\u00fcttest<\/strong>, szervez\u00e9se is az Alap\u00edtv\u00e1ny \u00e9gisze alatt t\u00f6rt\u00e9nik.<\/li>\n<\/ul>\n<p class=\"style3\">Terjedelmes lenne minden megval\u00f3s\u00edtott, t\u00e1mogatott programot le\u00edrni.\u00a0 A teljess\u00e9g ig\u00e9nye n\u00e9lk\u00fcl, c\u00edmszavakban felsorolunk\u00a0<strong>n\u00e9h\u00e1ny kisebb, de nem kev\u00e9sb\u00e9 fontos megval\u00f3s\u00edtott programot<\/strong>.<\/p>\n<p class=\"style3\">K\u00e9zm\u0171ves foglalkoz\u00e1sok t\u00e1mogat\u00e1sa. Tanul\u00f3i p\u00e1ly\u00e1zatok jutalmaz\u00e1s\u00e1nak t\u00e1mogat\u00e1sa. Arany \u00c9vk\u00f6nyv kiad\u00e1s\u00e1nak t\u00e1mogat\u00e1sa. Tanul\u00f3k \u00e9v v\u00e9gi jutalomk\u00f6nyveinek kifizet\u00e9se. Szalagavat\u00f3 t\u00e1mogat\u00e1sa. Drog prevenci\u00f3s el\u0151ad\u00e1sok t\u00e1mogat\u00e1sa. Szakk\u00f6r\u00f6k munk\u00e1j\u00e1nak t\u00e1mogat\u00e1sa. Kultur\u00e1lis programok el\u0151ad\u00f3i k\u00f6lts\u00e9g\u00e9nek t\u00e1mogat\u00e1sa. J\u00e1tsz\u00f3h\u00e1zi foglalkoz\u00e1sok t\u00e1mogat\u00e1sa. Di\u00e1k\u00f6nkorm\u00e1nyzat munk\u00e1j\u00e1nak anyagi t\u00e1mogat\u00e1sa. Millenniumi vet\u00e9lked\u0151 t\u00e1mogat\u00e1sa. Kall\u00f3s Zolt\u00e1n \u00e9s Sebesty\u00e9n M\u00e1rta r\u00e9szv\u00e9tel\u00e9vel szervezett kultur\u00e1lis program t\u00e1mogat\u00e1sa. A vil\u00e1gh\u00edr\u0171 Muzsik\u00e1s Egy\u00fcttes megh\u00edv\u00e1sa, programj\u00e1nak szervez\u00e9se \u00e9s t\u00e1mogat\u00e1sa. \u00a0A nevel\u0151test\u00fclet \u00e9s a fizikai dolgoz\u00f3k kir\u00e1ndul\u00e1sainak t\u00e1mogat\u00e1sa. Pedag\u00f3gusok k\u00fcl\u00f6nmunk\u00e1j\u00e1nak d\u00edjaz\u00e1sa az iskol\u00e1val k\u00f6t\u00f6tt szerz\u0151d\u00e9s alapj\u00e1n. Iskol\u00e1nak mikroszk\u00f3p, m\u00e1sol\u00f3g\u00e9pek, szeml\u00e9ltet\u0151 eszk\u00f6z\u00f6k, mikrofon, DVD v\u00e1s\u00e1rl\u00e1sa. Az Erd\u00e9lyben j\u00e1rt 11. \u00e9vfolyamos oszt\u00e1lyok p\u00e1ly\u00e1zatainak jutalmaz\u00e1sa.<\/p>\n<p class=\"style3\">Az ig\u00e9nyeken k\u00edv\u00fcl a rendelkez\u00e9sre \u00e1ll\u00f3 forr\u00e1s nagys\u00e1ga d\u00f6nt\u00f6tte el, \u00e9s d\u00f6nti el a j\u00f6v\u0151ben is, hogy az Alap\u00edtv\u00e1ny mikor, mivel k\u00e9pes foglalkozni.<br \/>\nAz Alap\u00edtv\u00e1ny a t\u00e1mogat\u00e1sokb\u00f3l megval\u00f3sul\u00f3 munk\u00e1j\u00e1t minden \u00e9vben a Hegyvid\u00e9k \u00fajs\u00e1gban tette \u00e9s teszi k\u00f6zz\u00e9.<\/p>\n<p><span class=\"style3\"><strong>Az SZJA 1%-os t\u00e1mogat\u00e1shoz sz\u00fcks\u00e9ges ad\u00f3sz\u00e1m: 19657033-1-43<\/strong><br \/>\nNov\u00e1k J\u00e1nos<br \/>\nAlap\u00edtv\u00e1ny<br \/>\n<\/span>k\u00e9pvisel\u0151je<\/p>\n<\/div>\n","protected":false},"excerpt":{"rendered":"<p>Arany\u00e9let Nevel\u00e9si, Oktat\u00e1si \u00e9s Szem\u00e9lyis\u00e9gfejleszt\u0151 Alap\u00edtv\u00e1ny A kurat\u00f3rium eln\u00f6ke: Vit\u00e1rius Bal\u00e1zs Ad\u00f3sz\u00e1m: 18267189-1-43 Az Alap\u00edtv\u00e1nyt 2009-ben alap\u00edtotta a volt Aranyos di\u00e1kokb\u00f3l \u00e1ll\u00f3 \u00d3arany Egyes\u00fclet. C\u00e9lunk az iskola tanulm\u00e1nyi, kultur\u00e1lis \u00e9let\u00e9nek serkent\u00e9se, el\u0151remutat\u00f3, fejleszt\u0151 beruh\u00e1z\u00e1sok t\u00e1mogat\u00e1sa, r\u00e1szorul\u00f3 tanul\u00f3k seg\u00edt\u00e9se. 2010 \u00f3ta minden \u00e9vben J\u00f3t\u00e9konys\u00e1gi Arany Estet rendezt\u00fcnk, melyen iskol\u00e1nk h\u00edres m\u0171v\u00e9ssz\u00e9 v\u00e1lt volt n\u00f6vend\u00e9kei \u00e9s a [&hellip;]<\/p>\n","protected":false},"author":1,"featured_media":0,"parent":0,"menu_order":0,"comment_status":"closed","ping_status":"closed","template":"","meta":[],"_links":{"self":[{"href":"https:\/\/aranyj.hu\/index.php?rest_route=\/wp\/v2\/pages\/44"}],"collection":[{"href":"https:\/\/aranyj.hu\/index.php?rest_route=\/wp\/v2\/pages"}],"about":[{"href":"https:\/\/aranyj.hu\/index.php?rest_route=\/wp\/v2\/types\/page"}],"author":[{"embeddable":true,"href":"https:\/\/aranyj.hu\/index.php?rest_route=\/wp\/v2\/users\/1"}],"replies":[{"embeddable":true,"href":"https:\/\/aranyj.hu\/index.php?rest_route=%2Fwp%2Fv2%2Fcomments&post=44"}],"version-history":[{"count":1,"href":"https:\/\/aranyj.hu\/index.php?rest_route=\/wp\/v2\/pages\/44\/revisions"}],"predecessor-version":[{"id":7770,"href":"https:\/\/aranyj.hu\/index.php?rest_route=\/wp\/v2\/pages\/44\/revisions\/7770"}],"wp:attachment":[{"href":"https:\/\/aranyj.hu\/index.php?rest_route=%2Fwp%2Fv2%2Fmedia&parent=44"}],"curies":[{"name":"wp","href":"https:\/\/api.w.org\/{rel}","templated":true}]}}