{"id":230,"date":"2015-12-22T20:30:02","date_gmt":"2015-12-22T19:30:02","guid":{"rendered":"http:\/\/aranyj.hu\/?page_id=230"},"modified":"2015-12-22T20:39:06","modified_gmt":"2015-12-22T19:39:06","slug":"hiressegeink","status":"publish","type":"page","link":"https:\/\/aranyj.hu\/?page_id=230","title":{"rendered":"H\u00edress\u00e9geink"},"content":{"rendered":"<p class=\"style2\"><strong>Ezen az oldalon olyan h\u00edress\u00e9gek szerepelnek, akik hosszabb vagy r\u00f6videbb ideig iskol\u00e1nk tanul\u00f3i voltak. (Folyamatos fejleszt\u00e9s alatt)<\/strong><\/p>\n<p class=\"style2\"><strong>Auth Csilla &#8211; \u00e9nekesn\u0151<\/strong><\/p>\n<div><span class=\"style29\"><a href=\"http:\/\/www.authcsilla.hu\/\" target=\"_blank\">Auth Csilla honlapja<\/a><br \/>\n<a href=\"http:\/\/www.youtube.com\/watch?v=6C5Eo1Z_TzA\" target=\"_blank\">F\u00e9ltelek (duett Szolnoki Tiborral)<\/a><br \/>\n<a href=\"http:\/\/www.youtube.com\/watch?v=IvG3U_YKp6g\" target=\"_blank\">Say,say,say&#8230; (duett T\u00f3th Ver\u00e1val \/Megaszt\u00e1r\/)<\/a><\/span><strong><br \/>\n<\/strong><\/div>\n<div><strong><br \/>\nB\u00e1sti Juli &#8211; sz\u00ednm\u0171v\u00e9sz<\/strong><\/div>\n<div><a href=\"http:\/\/bastijuli.szinhaz.org\/\/\" target=\"_blank\">B\u00e1sti Juli honlapja<\/a><br \/>\n<a href=\"http:\/\/vidamszinpad.szinhaz.org\/\/t0bastijuli.html\" target=\"_blank\">A Centr\u00e1l Sz\u00ednh\u00e1z honlapja<\/a><\/div>\n<div><strong><br \/>\nBaumgartner Zsolt &#8211; aut\u00f3versenyz\u0151<\/strong><\/div>\n<div><a href=\"http:\/\/www.zsolt.baumgartner.hu\/\" target=\"_blank\">Baumgartner Zsolt honlapja<\/a><br \/>\n<a href=\"http:\/\/www.youtube.com\/watch?v=i4_LCNvrv1s\" target=\"_blank\">Baumgartner point (by Palik, 2004 USA GP)<\/a><br \/>\n<a href=\"http:\/\/www.youtube.com\/watch?v=25VKKhMcPLQ\" target=\"_blank\">Zsolt tolja a Minardit Silverstone-ban<\/a><\/div>\n<p>&nbsp;<\/p>\n<p><strong>Geszti P\u00e9ter &#8211; sz\u00f6veg\u00edr\u00f3, zen\u00e9sz, rekl\u00e1mszakember<br \/>\n<\/strong><a href=\"http:\/\/gesztipeter.lap.hu\/\" target=\"_blank\">gesztipeter.lap.hu<br \/>\n<\/a><a href=\"http:\/\/www.youtube.com\/watch?v=kjMlFBikzyc\" target=\"_blank\">Ma j\u00f3l vagyok (Jazz + Az)<br \/>\n<\/a><a href=\"http:\/\/www.youtube.com\/watch?v=J2kbCJpPn3w\" target=\"_blank\">Nem adom fel (Rep\u00fcl\u00f6k)<\/a><\/p>\n<div><strong>Hajd\u00fa Attila &#8211; v\u00e1logatott labdar\u00fag\u00f3, szakkomment\u00e1tor<\/strong><\/div>\n<div><a href=\"http:\/\/www.tempofradi.hu\/hajdu-attila-2\" target=\"_blank\">FTC-bar\u00e1ti k\u00f6r<\/a><\/div>\n<div>\n<p>&nbsp;<\/p>\n<p><strong>Lux \u00c1d\u00e1m &#8211; szinm\u0171v\u00e9sz<\/strong><\/p>\n<p><strong>Miller Zolt\u00e1n &#8211; \u00e9nekes, sz\u00edn\u00e9sz<br \/>\n<\/strong><a href=\"http:\/\/www.millerzoltan.hu\/\" target=\"_blank\">Miller Zolt\u00e1n honlapja<br \/>\n<\/a><a href=\"http:\/\/www.youtube.com\/watch?v=8Ti44DSSTEk\" target=\"_blank\">Emberek &#8211; T\u00e1bort\u0171z<br \/>\n<\/a><a href=\"http:\/\/www.youtube.com\/watch?v=QQswKjMkwW4\" target=\"_blank\">56 csepp v\u00e9r<\/a><\/p>\n<\/div>\n<div><strong>N\u00e9meth Lajos &#8211; meteorol\u00f3gus<\/strong><\/div>\n<div><a href=\"http:\/\/tv2.hu\/sztarjaink\/adatlap?\/Root\/TV2Site\/Sztarok\/nemeth-lajos\" target=\"_blank\">TV2 &#8211; adatlap<\/a><\/div>\n<div><strong><br \/>\nSchnell \u00c1d\u00e1m &#8211; sz\u00ednm\u0171v\u00e9sz<\/strong><\/div>\n<div>\n<p><a href=\"http:\/\/mek.niif.hu\/02100\/02139\/html\/sz23\/90.html\" target=\"_blank\">Magyar Sz\u00ednh\u00e1zm\u0171v\u00e9szeti Lexikon<\/a><br \/>\n<a href=\"http:\/\/www.jozsefattilaszinhaz.hu\/index.php?option=com_content&amp;view=article&amp;id=49:schnell-adam&amp;catid=10:-szinmveszek&amp;Itemid=6&amp;layout=tarsulat\" target=\"_blank\">J\u00f3zsef Attila Sz\u00ednh\u00e1z<\/a><br \/>\n<a href=\"http:\/\/hu.wikipedia.org\/wiki\/Schnell_%C3%81d%C3%A1m\" target=\"_blank\">Wikip\u00e9dia<\/a><\/p>\n<\/div>\n<div><strong>Szemer\u00e9di Endre &#8211; Abel-d\u00edjas matematikus<\/strong><\/div>\n<p><a href=\"http:\/\/hu.wikipedia.org\/wiki\/Szemer%C3%A9di_Endre\" target=\"_blank\">Wikip\u00e9dia<\/a><br \/>\n<a href=\"http:\/\/index.hu\/video\/?s=tag%3Akepes_anna\" target=\"_blank\">Abel-d\u00edj \u00e1tv\u00e9tele (Inda-video)<\/a><\/p>\n","protected":false},"excerpt":{"rendered":"<p>Ezen az oldalon olyan h\u00edress\u00e9gek szerepelnek, akik hosszabb vagy r\u00f6videbb ideig iskol\u00e1nk tanul\u00f3i voltak. (Folyamatos fejleszt\u00e9s alatt) Auth Csilla &#8211; \u00e9nekesn\u0151 Auth Csilla honlapja F\u00e9ltelek (duett Szolnoki Tiborral) Say,say,say&#8230; (duett T\u00f3th Ver\u00e1val \/Megaszt\u00e1r\/) B\u00e1sti Juli &#8211; sz\u00ednm\u0171v\u00e9sz B\u00e1sti Juli honlapja A Centr\u00e1l Sz\u00ednh\u00e1z honlapja Baumgartner Zsolt &#8211; aut\u00f3versenyz\u0151 Baumgartner Zsolt honlapja Baumgartner point (by Palik, [&hellip;]<\/p>\n","protected":false},"author":1,"featured_media":0,"parent":0,"menu_order":0,"comment_status":"closed","ping_status":"closed","template":"","meta":[],"_links":{"self":[{"href":"https:\/\/aranyj.hu\/index.php?rest_route=\/wp\/v2\/pages\/230"}],"collection":[{"href":"https:\/\/aranyj.hu\/index.php?rest_route=\/wp\/v2\/pages"}],"about":[{"href":"https:\/\/aranyj.hu\/index.php?rest_route=\/wp\/v2\/types\/page"}],"author":[{"embeddable":true,"href":"https:\/\/aranyj.hu\/index.php?rest_route=\/wp\/v2\/users\/1"}],"replies":[{"embeddable":true,"href":"https:\/\/aranyj.hu\/index.php?rest_route=%2Fwp%2Fv2%2Fcomments&post=230"}],"version-history":[{"count":6,"href":"https:\/\/aranyj.hu\/index.php?rest_route=\/wp\/v2\/pages\/230\/revisions"}],"predecessor-version":[{"id":233,"href":"https:\/\/aranyj.hu\/index.php?rest_route=\/wp\/v2\/pages\/230\/revisions\/233"}],"wp:attachment":[{"href":"https:\/\/aranyj.hu\/index.php?rest_route=%2Fwp%2Fv2%2Fmedia&parent=230"}],"curies":[{"name":"wp","href":"https:\/\/api.w.org\/{rel}","templated":true}]}}